 m + 4. What is the greatest common factor of n and t?
8
Let o(a) = -a**3 - 8*a**2 - 9*a - 3. Suppose -2*l = y + 13, -31 = 5*l + y + 3*y. Let p be o(l). What is the highest common factor of p and 99?
11
Suppose 3*y - 26 - 34 = 0. What is the greatest common factor of 80 and y?
20
Let l = -90 - -160. What is the highest common divisor of l and 70?
70
Let a(s) = -s**3 + 6*s**2 - 3*s - 5. Let v be a(5). What is the highest common factor of v and 20?
5
Let s(i) be the first derivative of 7/4*i**4 + i**3 + 2*i - 3/2*i**2 - 1. Let m be s(2). Calculate the greatest common factor of 8 and m.
8
Let b(l) = -l**2 + 7*l - 10. Let v be b(4). Let x = 9 + v. Calculate the highest common divisor of x and 121.
11
Let y(d) = -d - 1. Let s(o) = o + 1. Let a(c) = 5*s(c) + 4*y(c). Let m be a(6). What is the greatest common divisor of m and 49?
7
Let c(s) = -27*s + 4. Let g be c(-5). Let x = g - 81. Let i = 46 + x. Calculate the greatest common divisor of 13 and i.
13
Let i = -16 - -30. Let n be 2*-15*i/(-4). Let c be 1 + 0 + -2 + 16. What is the greatest common divisor of n and c?
15
Suppose -14 + 2 = -d. Suppose n - d = -3*n. Suppose -u = n*u - 180. What is the highest common divisor of 9 and u?
9
Let f(i) = i**2 + i + 4. Let y be f(-3). Suppose 0 = -5*d - 5*v + 345, d + d - 2*v = 142. What is the greatest common factor of y and d?
10
Suppose -t + 8 - 2 = 0. Let h = -2 + t. Let i be 1285/9 + h/18. What is the highest common divisor of i and 13?
13
Let b be (2/4)/((-6)/24). Let u be (-1)/b - (-9)/(-6). Let v be u/(-3) - (-104)/12. What is the highest common factor of v and 1?
1
Let y be (-9)/3*(-40)/6. Calculate the greatest common divisor of 5 and y.
5
Let a(d) = -d**3 + 6*d**2 - 2*d + 7. Let p be a(5). Let l be (11*(-3)/6)/((-1)/2). Calculate the greatest common divisor of p and l.
11
Let c(d) be the third derivative of -1/6*d**3 + 0 + 0*d**5 + 2*d**2 + 0*d**4 + 0*d - 3/40*d**6. Let q be c(-1). What is the greatest common divisor of 40 and q?
8
Suppose -l - 2*v + 7 = -4*v, -2*l - v + 19 = 0. What is the greatest common factor of 81 and l?
9
Let v(o) = -o**2 + 7*o - 8. Let x be v(6). Let i be x/(-4) + (-1323)/(-14). Calculate the greatest common divisor of 38 and i.
19
Let y(a) = -a**2 + 9*a - 6. Let h be y(5). Calculate the greatest common factor of 28 and h.
14
Let p be (16/3)/(2/6). Suppose 2*a + 13 = z, -4*z - 4*a + 8 = -8. Suppose -5*o = -z*o + 160. Calculate the greatest common factor of o and p.
16
Let r be ((0 - -3) + 1)*2. Suppose 0 = r*a - 3*a - 20. Calculate the greatest common divisor of a and 4.
4
Let z be -2*4 - 0 - -1. Let a = z + 8. Let c be (-3 + a)*4/(-8). What is the greatest common divisor of c and 2?
1
Suppose m - 67 = 69. What is the highest common divisor of m and 17?
17
Suppose 4*o + 2*o - 216 = 0. Calculate the greatest common factor of o and 12.
12
Let c(g) = -14*g - 4. Let j be c(7). Let n be j/(-5) - 8/20. Let k be (24/(-10))/((-4)/50). What is the highest common divisor of k and n?
10
Suppose 90 = 18*y - 13*y. What is the greatest common factor of 90 and y?
18
Suppose 5*d - 111 = 3*c, -5*d - 2*c = 3*c - 135. Let r = d + 3. What is the greatest common divisor of r and 9?
9
Let n(z) = 2*z**3 - 2. Let a be n(2). Let t be a + -1*(-6 - -3). What is the highest common divisor of 17 and t?
17
Suppose -4*x + 20 = -3*t - 29, -21 = -x - t. Let v be (16/3)/((-3)/(-81)). Calculate the greatest common factor of x and v.
16
Suppose 0 = 2*t - 0 + 6. Let g be (t + 2)*(2 + -13). What is the highest common factor of g and 1?
1
Let l be ((-4)/(-3))/(1/18*4). What is the highest common divisor of 18 and l?
6
Let f(r) = r**3 + 7*r**2 + r + 7. Let i be f(-5). Let x(u) = 73*u + 1. Let m be x(1). Let b be 6/9 + m/6. Calculate the highest common factor of i and b.
13
Let c(n) = -7*n. Let v be (-2)/(-2)*3*-2. Let u be c(v). Let h be (-799)/(-136) + (-1)/(-8). Calculate the greatest common divisor of h and u.
6
Suppose 3*i = 4*r + 320, -5*r = 15 + 10. What is the greatest common factor of i and 40?
20
Let k(s) = -s**2 - 8*s - 8. Let y be k(-6). Suppose 4*q - 64 = -0*q. Calculate the highest common factor of q and y.
4
Let l(k) = k**2 - 6*k - 6. Let v be l(7). Let p be 72/10 + (-4)/20. What is the greatest common divisor of v and p?
1
Suppose -2 = -2*v + 4. Let z be (8/(-6))/((-2)/6). Suppose -3*g = -z*g + 33. Calculate the highest common divisor of g and v.
3
Let u(v) = -v**2 + 7*v - 6. Let a be u(4). Suppose -5*h + 7*h - 30 = 0. Calculate the greatest common factor of h and a.
3
Let p(g) = -5 + 9*g - 1 + 1 - 4*g**2 + g**3 - 3*g. Let s be p(5). Suppose -k - 23 = -4*o, o = 6*o + 3*k - s. Calculate the greatest common divisor of o and 7.
7
Suppose 3*w = -3*l, -3*w - 5*l = 3 + 1. Let g be (w/4)/(7/42). Calculate the highest common factor of g and 2.
1
Suppose 0 = 3*p - 2*q - 0 + 1, 8 = 4*q. Suppose -2*t + t - p = 0. Let l be t/(-3) + (-44)/(-12). What is the highest common divisor of 12 and l?
4
Let y be 251 + (-1 - 12/(-4)). Calculate the highest common factor of y and 23.
23
Let a(q) = -q**3 + 1. Let g be a(-1). Let j be ((-36)/15)/(g/(-20)). Calculate the highest common divisor of 12 and j.
12
Let y(o) = o**3 + 14*o**2 - 3*o - 13. Let d be y(-14). Calculate the greatest common divisor of d and 261.
29
Let b be ((-2)/2)/((-8)/24). Suppose -5*w - 203 = g - b*g, 2*g - 212 = -4*w. What is the highest common factor of g and 13?
13
Suppose -48 - 104 = -4*h - 2*g, -g = -3*h + 109. Let r = h + 88. Calculate the greatest common divisor of r and 25.
25
Let l = 4 + -6. Let o be l/2*(-17 + 2). Suppose -6*c = -2*c - 120. Calculate the highest common divisor of c and o.
15
Let k be (21/28)/(3/60). What is the greatest common factor of k and 30?
15
Let z(x) = -x**3 + 4*x**2 + 2*x + 2. Let i be (-46)/(-11) - 14/77. Let o be z(i). Calculate the greatest common divisor of o and 5.
5
Suppose 4*q = 3*q + 65. Let h be 2 - 2/1 - -26. What is the greatest common factor of h and q?
13
Suppose w = -0*w + 12. Suppose r + f = 61, 6*f = -3*r + f + 185. What is the highest common factor of r and w?
12
Let n(v) = -v + 14. Let i be n(-16). Let d be (-2)/(i/16 + -2). Calculate the highest common factor of d and 40.
8
Let z = -15 + 37. Calculate the greatest common factor of z and 22.
22
Suppose 15 = 5*m - 0*m. Suppose 8*t = m*t + 90. Calculate the highest common divisor of t and 9.
9
Suppose 2*b - 17 = -7, 3*b + 210 = 5*m. What is the greatest common factor of m and 18?
9
Let n(z) = -8*z + 8. Let b be n(-5). What is the highest common factor of 32 and b?
16
Let f be (-1)/(3/(-6) - 0). Let m be 2/(9/(-6) + f). Suppose m*c - 3*r = 34, 5*c + r = -2 + 35. What is the greatest common factor of 35 and c?
7
Let v = 28 + -14. Let y = -67 + 179. Calculate the highest common divisor of v and y.
14
Let g(i) = i**3 + 7*i**2 - 20*i + 6. Let d be g(-9). What is the greatest common factor of 168 and d?
24
Suppose m + 2 = -m + u, -2 = -5*m - u. Suppose -54 = 2*o + 5*f - 0*f, 3*o + 2*f + 92 = m. Let b = 46 + o. Calculate the greatest common factor of 98 and b.
14
Let m(l) = 7*l - 19. Let s be m(5). Calculate the greatest common divisor of s and 112.
16
Suppose -112 = -5*m - 3*y, -5*y + 80 = 3*m - 0*y. Let z = -17 + 27. Let g = 18 - z. What is the highest common factor of g and m?
4
Let o(m) = -m**2 + 9*m - 8. Let u be o(8). Suppose u = i + 2*i. Suppose i = -4*g + g + 45. Calculate the highest common divisor of g and 6.
3
Let j = 3 - -14. Let l be (-51)/2*16/(-6). What is the greatest common factor of l and j?
17
Let i(c) = c**2 + 6*c - 5. Let z be i(-8). What is the highest common factor of z and 11?
11
Suppose 12 = k + 3*k. Let o be (-6)/(-8)*16/6. Suppose 3*x - 8 = -r, -13 = -6*x + x - o*r. Calculate the highest common factor of x and k.
3
Let o(p) = p**3 + 2*p**2 - 2*p - 1. Let z be o(-2). Let k(q) = -4*q - 3. Let h be k(-3). What is the highest common divisor of h and z?
3
Suppose -7 - 11 = -3*c. Suppose -i + 3*s + 35 = -5*i, 5*i = -5*s - 40. Let f = i + 13. What is the highest common factor of c and f?
2
Suppose -101*f + 528 = -95*f. Calculate the highest common factor of f and 132.
44
Suppose 4*j + o = -o + 52, -5*o + 60 = 5*j. Let w = -7 + 5. Let r = 4 + w. What is the greatest common factor of j and r?
2
Suppose -2*h + 243 = -351. Let m = h - 153. What is the greatest common divisor of m and 16?
